
3
Suppose 2*i + 30 = -2*d + 6*i, -5*d - 85 = -5*i. Suppose 44 = -7*t - 75. Let g = d - t. Let y(o) = -o**3 - 2*o**2 + 1. Give y(g).
1
Let i(k) = -21 + 8*k**2 - 84*k + 93*k + 35*k. Give i(-6).
3
Let d(y) be the first derivative of -2*y**2 + 16*y + 10494. What is d(5)?
-4
Let o(k) = -k**3 + 7*k**2 - 3*k. Suppose 305*y - 832 = 201*y. Give o(y).
-88
Suppose 0 = -6*u + 30 - 0. Suppose 2*c - 25 = -u*k - 3*c, -k + 9 = 3*c. Let g = -11 + k. Let q(j) = j + 6. Calculate q(g).
-2
Suppose -3*f = f - 456. Let a = f - 63. Let i(q) = 58*q - q**2 + 0*q**2 - a*q. What is i(5)?
10
Let w(o) = 65 - o**2 + 29*o**3 + 54 - 24*o**3 + 3*o - 116. What is w(-2)?
-47
Let o(g) = 4 + 118*g - 57*g - 60*g. Let q(l) = 2*l + 7. Let c(d) = -7*o(d) + 4*q(d). Give c(5).
5
Let o be 5/(-50) + (7 - 138/20). Let m(i) = -i**2 - 3*i - 10. Let j(z) = -2*z**2 - 7*z - 21. Let v(u) = 6*j(u) - 13*m(u). Give v(o).
4
Let c(y) = -2*y**3 - 2*y**2 + y - 2. Let m be (14/(-35))/(0 + 2/120). Let w be (3/12)/(3/m). What is c(w)?
4
Let t be ((-14)/(-63))/((-3)/(-27)). Let g(v) = t*v**2 - 1 + 85*v + 85*v + v**3 - 170*v. What is g(2)?
15
Let b(g) = 8*g - 12. Let a(k) = -k + 1. Suppose -c - 6 = 2*i, -2*c - 7*i - 10 = -2*i. Let s(m) = c*a(m) - b(m). Suppose -3*n - 8 = -n. Determine s(n).
-6
Let m = 3733 - 3749. Let s(q) = -2*q - 55. What is s(m)?
-23
Let m(x) = 1 - 28*x**3 + 3*x - 45*x**3 + 95*x**3 - 6*x**2 - 23*x**3 + 4*x**2. Let n(k) = -k**2 - 6*k - 3. Let h be n(-6). What is m(h)?
1
Let l be (5509/(-1574))/((-7)/4*2). Let i(o) = -8*o**3 + 3*o - 2. What is i(l)?
-7
Let i(s) = 6603 + 6636 - 20*s - 13250. Calculate i(-7).
129
Let b(a) = -102 - 53 + 38 + 4 + 2*a. Determine b(28).
-57
Let q(f) = 96*f + 95. Let d(u) = -109*u - 96. Let j(r) = -6*d(r) - 7*q(r). Determine j(-6).
19
Suppose -2*p + 12 = 5*q, 6 = p - 17*q + 22*q. Let s(k) = -k**2 + k + 24. Give s(p).
-6
Let i(q) be the third derivative of q**4/24 - 4*q**3/3 + 5*q**2 + 804. Give i(-13).
-21
Let k(f) = -f + 7. Let v(n) = -n**2 + 4*n - 8. Let y(t) = -3*k(t) - v(t). What is y(-4)?
7
Let g(o) = -o + 7. Let i(f) = f**2 + 10*f + 9. Let j(a) = 51*a + 5 - 2 - 49*a. Let l be j(-6). Let d be i(l). Determine g(d).
7
Let j(v) = 4*v**2 + 17*v + 7. Suppose u + 1 = 2*u. Suppose u = 9*g + 46. Let q(n) = 3*n**2 + 11*n + 5. Let y(z) = g*j(z) + 7*q(z). Give y(5).
-15
Let w(k) = k - 11 + 3 + 5. Suppose 1441 - 1376 = -13*b. Determine w(b).
-8
Let k = 12371 - 12363. Let r(b) = b**2 - b + 1. Let x(h) = -5*h - 3. Let l(d) = -r(d) - x(d). What is l(k)?
-14
Let b be (14 - 13)*(-15)/((-15)/17). Let p(o) be the second derivative of -o**5/20 + 19*o**4/12 - 11*o**3/2 - 17*o**2/2 - 2*o. Calculate p(b).
0
Let c(l) = -l**2 + 8*l + 9. Suppose -141 = -4*m + 4*a - a, 2*a = 2*m - 72. Suppose i + 4*x + m = 6*i, x = -i + 12. Determine c(i).
0
Let g(s) = -20*s - 108. Suppose -22*v = 114*v + 816. Determine g(v).
12
Let s = 816 + -811. Let b(o) = 3*o**2 - 13*o + 24. Calculate b(s).
34
Let o(h) = -h**2 - 1. Let y(t) = -5*t**2 - 9*t - 9. Let q(l) = 6*o(l) - y(l). Let x(m) = 2*m**3 + 8*m**2 - m + 3. Let v be x(-4). What is q(v)?
17
Let n(y) be the first derivative of -2*y**3/3 - 7*y**2 - 11*y - 902. Determine n(-7).
-11
Suppose 0 = 71*s - 96*s - 175. Let x(w) be the first derivative of w**2/2 + 3*w + 20. Give x(s).
-4
Suppose -9*t = -7*t - 4. Let o(h) = -h + t*h**2 + 4363 - 4363 + h. Calculate o(0).
0
Let p(g) be the first derivative of -g**4/4 + g**2/2 + 2. Let q = -30193 + 30193. What is p(q)?
0
Let g(z) = 3*z**2 + z + 3 + 375*z**3 - 189*z**3 - 187*z**3. Let o be g(3). Let q be (-3)/(o/(-5)*1/(-4)). Let n(l) = -2*l - 14. Give n(q).
6
Let o(r) = -13926*r**2 - 9 - 1 + 3*r + 13924*r**2. Determine o(4).
-30
Let k(u) be the first derivative of -3/2*u**2 - 1/2*u**4 - u**3 - 1/20*u**5 - 4*u - 16. Let i(j) be the first derivative of k(j). What is i(-5)?
2
Let b(g) = 2*g + 0*g + 5 - 3 - g. Suppose -422 = 22*u + 216. Let z(m) = -m**2 - 33*m - 121. Let j be z(u). What is b(j)?
-3
Suppose 1430 = 181*r - 308*r + 541. Let j(l) = 3*l**3 + 22*l**2 + 9*l + 11. Calculate j(r).
-3
Let t(q) = q + 2. Let d(k) = 2*k - 1. Suppose 4*g + 3*f + 17 = 0, -68*f = -3*g - 70*f - 13. Let m(l) = g*t(l) + 3*d(l). Calculate m(8).
-5
Let z(k) = -k**2 + 7*k - 4. Suppose 0 = -8*g + 48 + 136. Suppose -245 = 16*p - g*p. Let l be (-98)/p*10/(-4). What is z(l)?
-4
Let z(p) = -3 - 12*p - 2 - 30*p**2 - 23*p**2 - 23*p**2 + 77*p**2. What is z(9)?
-32
Let w(n) = 3*n - 165. Let l(c) = 4*c - 244. Let z(m) = -2*l(m) + 3*w(m). Determine z(6).
-1
Let v be -3*3*(-9)/(-81). Let u(q) be the third derivative of -7*q**6/120 + q**5/60 + q**4/24 + 44*q**2. What is u(v)?
7
Let k(t) = 4*t**2 - 28*t + 5. Let u = 403 + -396. Determine k(u).
5
Let p(o) = -o + 7. Suppose 18*v - 201 = 85*v. Give p(v).
10
Let c(i) = 17*i - 60*i**2 - 12*i + 29*i**2 + 27*i**2 + 25*i - 5. What is c(7)?
9
Suppose 2*u = 70 - 64. Suppose -5*c - u = -4*r, 4*r - c = 4 + 19. Let o(k) = -5*k**2 - 5*k - 3*k + 2*k**2 + 8 + 4*k**2. Determine o(r).
1
Let i(u) = -7*u + 2 + 5*u - 3*u + 3*u. Let y be (-1)/(((-3)/(-116))/(-3)). Suppose -8*x - y + 84 = 0. Give i(x).
10
Let v(j) = 207*j + 3305. Let r be v(-16). Let m(b) = -5*b**2 + 0 - 3*b**2 - 4*b - b**3 + 4. Give m(r).
-17
Let n(d) be the second derivative of d**5/20 - 3*d**4/4 + 4*d**3/3 + 3*d**2/2 + 3*d. Suppose 0 = -103*c - 346 + 366 + 804. What is n(c)?
3
Let g(j) be the first derivative of j**6/360 - 7*j**5/60 + j**4/12 - 12*j**3 - 130. Let w(p) be the third derivative of g(p). What is w(14)?
2
Let z(m) be the third derivative of -m**6/120 - m**4/12 + m**3/6 - m**2. Let v = 309 - 307. Suppose 0 = -q - 5*w + v*w - 14, w + 10 = 5*q. Give z(q).
-2
Let b be -103*((-2)/(-10) - (-12)/(-10)). Let p = -100 + b. Let t(q) = 2*q**3 - 5*q**2 + 2*q - 1. Give t(p).
14
Let u(m) = m**3 + 3*m + 4. Suppose 47*n = -44*n - 182. Calculate u(n).
-10
Let t(r) be the second derivative of -r**5/20 - 7*r**4/12 + 7*r**2/2 - 186*r. Let d = -1 - -2. Let b = -8 + d. Determine t(b).
7
Let x(t) = t**3 - 12*t**2 + 112*t - 1101. Let s be x(11). Let r(h) = -5*h + 3. Calculate r(s).
-47
Suppose 0 = 2*n + n + 3. Suppose 7*o = 8*o - 1. Let g(a) = 452*a - 223*a + o - 210*a. Determine g(n).
-18
Suppose -4*z + 9*z = 15. Suppose 5*d - 6*i = -2*i + 7, -3*i = -2*d. Let q(g) = -13 + 9 - d*g + 5. Calculate q(z).
-8
Let j(n) = -2*n**2 + 4 + 5 - 306942*n + 306943*n - n**3. What is j(3)?
-33
Let w(h) be the first derivative of h**6/120 + h**5/12 - h**4/6 - h**3 + 24*h**2 + 2*h + 65. Let m(f) be the second derivative of w(f). Give m(-5).
14
Let c(g) = g**2 - 4*g - 4. Let o = 18 + -21. Let p be 3/(-9) + 5/o. Let j be (-1 - (1 - 3)) + 5 + p. Give c(j).
-4
Let w(k) = 2*k**2 + 15*k + 43. Let j be (-6)/4*(-29)/((-522)/84). Determine w(j).
36
Let n(v) = 289*v**2 - 31*v + 111. Let d(y) = -307*y**2 + 31*y - 112. Let h(r) = -16*d(r) - 17*n(r). Calculate h(28).
-11
Suppose 6 = x - 15*j + 10*j, -x + 4*j = -4. Let o(l) = 2*l**3 + 5*l**2 + 5*l + 4. What is o(x)?
-64
Suppose -4*f - 25 = -5*b, 49*b + 4*f + 20 = 53*b. Let y(g) = g**2 - 7*g + 8. Determine y(b).
-2
Let r(i) = -4*i - 4. Let x(f) = -f**2 + 39*f - 132. Let v be x(35). Let z(y) = y**3 - 5*y**2 - 21*y - 26. Let d be z(v). Determine r(d).
4
Let r(v) be the third derivative of -1/15*v**5 + 0*v + 1/120*v**6 + 0*v**4 - 2/3*v**3 - v**2 + 0. Suppose 20 + 36 = 14*s. Calculate r(s).
-4
Let n be 3/4 - (-15)/(-20). Suppose n*y + 4*y + 2*j + 20 = 0, 3*y + 14 = -2*j. Let s(h) = -h**3 - 6*h**2 - 2*h - 2. What is s(y)?
10
Let q = 106 + -107. Let m(d) be the first derivative of -5*d**3/3 - 2*d - 22. Let z(a) be the first derivative of m(a). Calculate z(q).
10
Let h(k) be the third derivative of k**6/120 - k**5/60 - 5*k**4/24 + 2*k**3/3 + k**2 - 152. Determine h(-2).
2
Let k = 4080 - 4078. Let x(u) be the first derivative of 3 + 1/3*u**3 - k*u + u**2. Determine x(-3).
1
Let y(x) = x - 5. Let g be y(9). Let v(p) = -20*p**2 + 16*p - 4*p - 2*p + 5 - 10 + 19*p**2. What is v(g)?
19
Let b(i) = i**2 + 12*i + 35. Suppose -2*q - 14 = 0, 5*q + 13 = 4*z + 6. Determine b(z).
0
Let q(l) = l - 22. Let j(g) = g**2 + 24*g - 474. Let a be j(-37). What is q(a)?
-15
Let c = -1 + 2. Let t(y) be the third derivative of -2*y**6/15 - y**5/60 - y**4/24 + y**3/6 - 1363*y**2. What is t(c)?
-17
Let g(m) = m**2 + 28*m + 210. Let n be g(-13). Let t(l) = l**3 - 15*l**2 - l + 17.